{"id":177,"date":"2024-09-04T20:06:33","date_gmt":"2024-09-04T23:06:33","guid":{"rendered":"https:\/\/pessoal.uel.br\/gepefopem\/?page_id=177"},"modified":"2025-05-29T15:05:09","modified_gmt":"2025-05-29T18:05:09","slug":"pesquisadora-e-professora-marcia-cyrino","status":"publish","type":"page","link":"https:\/\/pessoal.uel.br\/gepefopem\/pesquisadora-e-professora-marcia-cyrino\/","title":{"rendered":"Professora e Pesquisadora M\u00e1rcia Cristina de Costa Trindade Cyrino"},"content":{"rendered":"\n<p><\/p>\n\n\n\n<div class=\"wp-block-columns is-layout-flex wp-container-core-columns-is-layout-9d6595d7 wp-block-columns-is-layout-flex\">\n<div class=\"wp-block-column is-layout-flow wp-block-column-is-layout-flow\" style=\"flex-basis:100%\">\n<div class=\"wp-block-group\"><div class=\"wp-block-group__inner-container is-layout-constrained wp-block-group-is-layout-constrained\">\n<blockquote class=\"wp-block-quote is-layout-flow wp-block-quote-is-layout-flow\">\n<ul class=\"wp-block-list\">\n<li>Licenciada em Matem\u00e1tica (UNESP\/PP, 1988), mestre em Educa\u00e7\u00e3o Matem\u00e1tica (UNESP\/RC, 1997), e doutora em Educa\u00e7\u00e3o pela Universidade de S\u00e3o Paulo (2003), \u00e1rea de concentra\u00e7\u00e3o: Ensino de Ci\u00eancias e Matem\u00e1tica. <br><br><\/li>\n\n\n\n<li>Realizou P\u00f3s-doutorado na Faculdade de Ci\u00eancias da Universidade de Lisboa de 02\/2008 a 12\/2008, na \u00e1rea de Forma\u00e7\u00e3o de Professores, e no Instituto de Educa\u00e7\u00e3o da Universidade de Lisboa de 07\/2012 a 02\/2013. <br><br><\/li>\n\n\n\n<li>Atualmente \u00e9 bolsista produtividade 1C do CNPq.<br><br><\/li>\n\n\n\n<li>Professora Titular da Universidade Estadual de Londrina (UEL).<br><br><\/li>\n\n\n\n<li>Coordenadora Adjunta dos Programas de P\u00f3s-Gradua\u00e7\u00e3o Acad\u00eamicos da \u00c1rea de Ensino na CAPES (2022-2026); e coordenadora do Comit\u00ea Assessor da \u00c1rea (CAA) de Ci\u00eancias Humanas da Funda\u00e7\u00e3o Arauc\u00e1ria (2020-2024). <br><br><\/li>\n\n\n\n<li>Os temas e linhas de pesquisa e de atua\u00e7\u00e3o docente s\u00e3o: Educa\u00e7\u00e3o Matem\u00e1tica e Forma\u00e7\u00e3o de professores que ensinam Matem\u00e1tica. <br><br><\/li>\n\n\n\n<li>Coordena o Grupo de Estudos e Pesquisas sobre Forma\u00e7\u00e3o de Professores que ensinam Matem\u00e1tica (Gepefopem) desde 2003 e participa do Grupo de Pesquisa em Educa\u00e7\u00e3o Matem\u00e1tica da UEL.<\/li>\n<\/ul>\n<\/blockquote>\n<\/div><\/div>\n\n\n\n<figure class=\"wp-block-table aligncenter\"><table class=\"has-fixed-layout\"><tbody><tr><td class=\"has-text-align-center\" data-align=\"center\">Curr\u00edculo Lattes<\/td><td class=\"has-text-align-center\" data-align=\"center\"><a href=\"http:\/\/lattes.cnpq.br\/0809818122632169\" data-type=\"link\" data-id=\"http:\/\/lattes.cnpq.br\/0809818122632169\">M\u00e1rcia Cristina de Costa Trindade Cyrino<\/a><\/td><\/tr><tr><td class=\"has-text-align-center\" data-align=\"center\">ORCID &#8211; <em>Conectando Pesquisas e Pesquisadores<\/em><\/td><td class=\"has-text-align-center\" data-align=\"center\"><a href=\"https:\/\/orcid.org\/0000-0003-4276-8395\" data-type=\"link\" data-id=\"https:\/\/orcid.org\/0000-0003-4276-8395\">CYRINO, M.C.C.T.<\/a><\/td><\/tr><\/tbody><\/table><\/figure>\n<\/div>\n<\/div>\n\n\n\n<p><\/p>\n","protected":false},"excerpt":{"rendered":"<p>Curr\u00edculo Lattes M\u00e1rcia Cristina de Costa Trindade Cyrino ORCID &#8211; Conectando Pesquisas e Pesquisadores CYRINO, M.C.C.T.<\/p>\n","protected":false},"author":10,"featured_media":0,"parent":0,"menu_order":0,"comment_status":"closed","ping_status":"closed","template":"","meta":{"_acf_changed":false,"footnotes":""},"class_list":["post-177","page","type-page","status-publish","hentry"],"acf":[],"_links":{"self":[{"href":"https:\/\/pessoal.uel.br\/gepefopem\/wp-json\/wp\/v2\/pages\/177","targetHints":{"allow":["GET"]}}],"collection":[{"href":"https:\/\/pessoal.uel.br\/gepefopem\/wp-json\/wp\/v2\/pages"}],"about":[{"href":"https:\/\/pessoal.uel.br\/gepefopem\/wp-json\/wp\/v2\/types\/page"}],"author":[{"embeddable":true,"href":"https:\/\/pessoal.uel.br\/gepefopem\/wp-json\/wp\/v2\/users\/10"}],"replies":[{"embeddable":true,"href":"https:\/\/pessoal.uel.br\/gepefopem\/wp-json\/wp\/v2\/comments?post=177"}],"version-history":[{"count":18,"href":"https:\/\/pessoal.uel.br\/gepefopem\/wp-json\/wp\/v2\/pages\/177\/revisions"}],"predecessor-version":[{"id":326,"href":"https:\/\/pessoal.uel.br\/gepefopem\/wp-json\/wp\/v2\/pages\/177\/revisions\/326"}],"wp:attachment":[{"href":"https:\/\/pessoal.uel.br\/gepefopem\/wp-json\/wp\/v2\/media?parent=177"}],"curies":[{"name":"wp","href":"https:\/\/api.w.org\/{rel}","templated":true}]}}

Professora e Pesquisadora Márcia Cristina de Costa Trindade Cyrino

<p></p>



<div class="wp-block-columns is-layout-flex wp-container-core-columns-is-layout-9d6595d7 wp-block-columns-is-layout-flex">
<div class="wp-block-column is-layout-flow wp-block-column-is-layout-flow" style="flex-basis:100%">
<div class="wp-block-group"><div class="wp-block-group__inner-container is-layout-constrained wp-block-group-is-layout-constrained">
<blockquote class="wp-block-quote is-layout-flow wp-block-quote-is-layout-flow">
<ul class="wp-block-list">
<li>Licenciada em Matemática (UNESP/PP, 1988), mestre em Educação Matemática (UNESP/RC, 1997), e doutora em Educação pela Universidade de São Paulo (2003), área de concentração: Ensino de Ciências e Matemática. <br><br></li>



<li>Realizou Pós-doutorado na Faculdade de Ciências da Universidade de Lisboa de 02/2008 a 12/2008, na área de Formação de Professores, e no Instituto de Educação da Universidade de Lisboa de 07/2012 a 02/2013. <br><br></li>



<li>Atualmente é bolsista produtividade 1C do CNPq.<br><br></li>



<li>Professora Titular da Universidade Estadual de Londrina (UEL).<br><br></li>



<li>Coordenadora Adjunta dos Programas de Pós-Graduação Acadêmicos da Área de Ensino na CAPES (2022-2026); e coordenadora do Comitê Assessor da Área (CAA) de Ciências Humanas da Fundação Araucária (2020-2024). <br><br></li>



<li>Os temas e linhas de pesquisa e de atuação docente são: Educação Matemática e Formação de professores que ensinam Matemática. <br><br></li>



<li>Coordena o Grupo de Estudos e Pesquisas sobre Formação de Professores que ensinam Matemática (Gepefopem) desde 2003 e participa do Grupo de Pesquisa em Educação Matemática da UEL.</li>
</ul>
</blockquote>
</div></div>



<figure class="wp-block-table aligncenter"><table class="has-fixed-layout"><tbody><tr><td class="has-text-align-center" data-align="center">Currículo Lattes</td><td class="has-text-align-center" data-align="center"><a href="http://lattes.cnpq.br/0809818122632169" data-type="link" data-id="http://lattes.cnpq.br/0809818122632169">Márcia Cristina de Costa Trindade Cyrino</a></td></tr><tr><td class="has-text-align-center" data-align="center">ORCID &#8211; <em>Conectando Pesquisas e Pesquisadores</em></td><td class="has-text-align-center" data-align="center"><a href="https://orcid.org/0000-0003-4276-8395" data-type="link" data-id="https://orcid.org/0000-0003-4276-8395">CYRINO, M.C.C.T.</a></td></tr></tbody></table></figure>
</div>
</div>



<p></p>

<p>Currículo Lattes Márcia Cristina de Costa Trindade Cyrino ORCID &#8211; Conectando Pesquisas e Pesquisadores CYRINO, M.C.C.T.</p>
