{"id":175,"date":"2024-09-04T20:06:33","date_gmt":"2024-09-04T23:06:33","guid":{"rendered":"https:\/\/pessoal.uel.br\/gepefopem\/?page_id=175"},"modified":"2025-05-29T15:09:45","modified_gmt":"2025-05-29T18:09:45","slug":"quem-somos","status":"publish","type":"page","link":"https:\/\/pessoal.uel.br\/gepefopem\/quem-somos\/","title":{"rendered":"Quem somos"},"content":{"rendered":"\n<blockquote class=\"wp-block-quote is-layout-flow wp-block-quote-is-layout-flow\">\n<p class=\"has-text-align-center\"><br>O <strong>Grupo de Estudo e Pesquisa sobre Forma\u00e7\u00e3o de Professores\u00a0que Ensinam\u00a0Matem\u00e1tica \u2013 GEPEFOPEM<\/strong> &#8211; integra o Grupo de Pesquisa em Educa\u00e7\u00e3o Matem\u00e1tica que est\u00e1 cadastrado no Diret\u00f3rio dos Grupos do CNPq pela UEL. Esse grupo tem como proposta estudar e investigar os fundamentos e os processos de constitui\u00e7\u00e3o dos conhecimentos\/saberes docentes na forma\u00e7\u00e3o inicial (curso de licenciatura em Matem\u00e1tica e Pedagogia), bem como na forma\u00e7\u00e3o em servi\u00e7o de Professores\u00a0em Matem\u00e1tica. Para tanto, nas pesquisas sobre a forma\u00e7\u00e3o inicial de professores\u00a0em matem\u00e1tica busca-se investigar: fatores intervenientes dessa etapa de forma\u00e7\u00e3o na constitui\u00e7\u00e3o de concep\u00e7\u00f5es de matem\u00e1tica, de ensino, de aprendizagem, dentre outras concep\u00e7\u00f5es, e processos de aprendizagem de futuros professores em matem\u00e1tica; contribui\u00e7\u00e3o de disciplinas e atividades do curso de licenciatura para forma\u00e7\u00e3o do professor em matem\u00e1tica. Nas pesquisas sobre forma\u00e7\u00e3o em servi\u00e7o, por meio de grupos de estudos constitu\u00eddos nas escolas e de projetos, busca-se investigar a compreens\u00e3o de professores sobre o modo como seus alunos aprendem; os conhecimentos\/saberes mobilizados na elabora\u00e7\u00e3o de atividades de matem\u00e1tica para a sala de aula, bem como, a forma\u00e7\u00e3o em contexto.<\/p>\n<\/blockquote>\n","protected":false},"excerpt":{"rendered":"<p>O Grupo de Estudo e Pesquisa sobre Forma\u00e7\u00e3o de Professores\u00a0que Ensinam\u00a0Matem\u00e1tica \u2013 GEPEFOPEM &#8211; integra o Grupo de Pesquisa em Educa\u00e7\u00e3o Matem\u00e1tica que est\u00e1 cadastrado no Diret\u00f3rio dos Grupos do CNPq pela UEL. Esse grupo tem como proposta estudar e investigar os fundamentos e os processos de constitui\u00e7\u00e3o dos conhecimentos\/saberes docentes na forma\u00e7\u00e3o inicial (curso [&hellip;]<\/p>\n","protected":false},"author":10,"featured_media":0,"parent":0,"menu_order":0,"comment_status":"closed","ping_status":"closed","template":"","meta":{"_acf_changed":false,"footnotes":""},"class_list":["post-175","page","type-page","status-publish","hentry"],"acf":[],"_links":{"self":[{"href":"https:\/\/pessoal.uel.br\/gepefopem\/wp-json\/wp\/v2\/pages\/175","targetHints":{"allow":["GET"]}}],"collection":[{"href":"https:\/\/pessoal.uel.br\/gepefopem\/wp-json\/wp\/v2\/pages"}],"about":[{"href":"https:\/\/pessoal.uel.br\/gepefopem\/wp-json\/wp\/v2\/types\/page"}],"author":[{"embeddable":true,"href":"https:\/\/pessoal.uel.br\/gepefopem\/wp-json\/wp\/v2\/users\/10"}],"replies":[{"embeddable":true,"href":"https:\/\/pessoal.uel.br\/gepefopem\/wp-json\/wp\/v2\/comments?post=175"}],"version-history":[{"count":7,"href":"https:\/\/pessoal.uel.br\/gepefopem\/wp-json\/wp\/v2\/pages\/175\/revisions"}],"predecessor-version":[{"id":330,"href":"https:\/\/pessoal.uel.br\/gepefopem\/wp-json\/wp\/v2\/pages\/175\/revisions\/330"}],"wp:attachment":[{"href":"https:\/\/pessoal.uel.br\/gepefopem\/wp-json\/wp\/v2\/media?parent=175"}],"curies":[{"name":"wp","href":"https:\/\/api.w.org\/{rel}","templated":true}]}}

<blockquote class="wp-block-quote is-layout-flow wp-block-quote-is-layout-flow">
<p class="has-text-align-center"><br>O <strong>Grupo de Estudo e Pesquisa sobre Formação de Professores que Ensinam Matemática – GEPEFOPEM</strong> &#8211; integra o Grupo de Pesquisa em Educação Matemática que está cadastrado no Diretório dos Grupos do CNPq pela UEL. Esse grupo tem como proposta estudar e investigar os fundamentos e os processos de constituição dos conhecimentos/saberes docentes na formação inicial (curso de licenciatura em Matemática e Pedagogia), bem como na formação em serviço de Professores em Matemática. Para tanto, nas pesquisas sobre a formação inicial de professores em matemática busca-se investigar: fatores intervenientes dessa etapa de formação na constituição de concepções de matemática, de ensino, de aprendizagem, dentre outras concepções, e processos de aprendizagem de futuros professores em matemática; contribuição de disciplinas e atividades do curso de licenciatura para formação do professor em matemática. Nas pesquisas sobre formação em serviço, por meio de grupos de estudos constituídos nas escolas e de projetos, busca-se investigar a compreensão de professores sobre o modo como seus alunos aprendem; os conhecimentos/saberes mobilizados na elaboração de atividades de matemática para a sala de aula, bem como, a formação em contexto.</p>
</blockquote>

<p>O Grupo de Estudo e Pesquisa sobre Formação de Professores que Ensinam Matemática – GEPEFOPEM &#8211; integra o Grupo de Pesquisa em Educação Matemática que está cadastrado no Diretório dos Grupos do CNPq pela UEL. Esse grupo tem como proposta estudar e investigar os fundamentos e os processos de constituição dos conhecimentos/saberes docentes na formação inicial (curso [&hellip;]</p>
