{"id":477,"date":"2024-09-02T14:13:43","date_gmt":"2024-09-02T17:13:43","guid":{"rendered":"https:\/\/pessoal.uel.br\/gepafe\/?page_id=477"},"modified":"2025-07-28T10:49:26","modified_gmt":"2025-07-28T13:49:26","slug":"em-andamento-2","status":"publish","type":"page","link":"https:\/\/pessoal.uel.br\/gepafe\/em-andamento-2\/","title":{"rendered":"Em andamento"},"content":{"rendered":"\n<p><\/p>\n\n\n\n<p>Gabrielle Zardo Ansolin. 2025. Disserta\u00e7\u00e3o (Mestrado em Educa\u00e7\u00e3o F\u00edsica \u2013 UEM\/UEL) \u2013 Universidade Estadual de Londrina, Conselho Nacional de Desenvolvimento Cient\u00edfico e Tecnol\u00f3gico. Orientador: Enio Ricardo Vaz Ronque.<\/p>\n\n\n\n<p>Milena Chefer Pretz. 2025. Disserta\u00e7\u00e3o (Mestrado em Educa\u00e7\u00e3o F\u00edsica \u2013 UEM\/UEL) \u2013 Universidade Estadual de Londrina. Orientador: Enio Ricardo Vaz Ronque.<\/p>\n\n\n\n<p>Luis Fernando Chemane. 2025. Disserta\u00e7\u00e3o (Mestrado em Educa\u00e7\u00e3o F\u00edsica \u2013 UEM\/UEL) \u2013 Universidade Estadual de Londrina, Coordena\u00e7\u00e3o de Aperfei\u00e7oamento de Pessoal de N\u00edvel Superior. Orientador: Enio Ricardo Vaz Ronque.<\/p>\n","protected":false},"excerpt":{"rendered":"<p>Gabrielle Zardo Ansolin. 2025. Disserta\u00e7\u00e3o (Mestrado em Educa\u00e7\u00e3o F\u00edsica \u2013 UEM\/UEL) \u2013 Universidade Estadual de Londrina, Conselho Nacional de Desenvolvimento Cient\u00edfico e Tecnol\u00f3gico. Orientador: Enio Ricardo Vaz Ronque. Milena Chefer Pretz. 2025. Disserta\u00e7\u00e3o (Mestrado em Educa\u00e7\u00e3o F\u00edsica \u2013 UEM\/UEL) \u2013 Universidade Estadual de Londrina. Orientador: Enio Ricardo Vaz Ronque. Luis Fernando Chemane. 2025. Disserta\u00e7\u00e3o (Mestrado [&hellip;]<\/p>\n","protected":false},"author":6,"featured_media":0,"parent":0,"menu_order":0,"comment_status":"closed","ping_status":"closed","template":"","meta":{"_acf_changed":false,"footnotes":""},"class_list":["post-477","page","type-page","status-publish","hentry"],"acf":[],"_links":{"self":[{"href":"https:\/\/pessoal.uel.br\/gepafe\/wp-json\/wp\/v2\/pages\/477","targetHints":{"allow":["GET"]}}],"collection":[{"href":"https:\/\/pessoal.uel.br\/gepafe\/wp-json\/wp\/v2\/pages"}],"about":[{"href":"https:\/\/pessoal.uel.br\/gepafe\/wp-json\/wp\/v2\/types\/page"}],"author":[{"embeddable":true,"href":"https:\/\/pessoal.uel.br\/gepafe\/wp-json\/wp\/v2\/users\/6"}],"replies":[{"embeddable":true,"href":"https:\/\/pessoal.uel.br\/gepafe\/wp-json\/wp\/v2\/comments?post=477"}],"version-history":[{"count":4,"href":"https:\/\/pessoal.uel.br\/gepafe\/wp-json\/wp\/v2\/pages\/477\/revisions"}],"predecessor-version":[{"id":1258,"href":"https:\/\/pessoal.uel.br\/gepafe\/wp-json\/wp\/v2\/pages\/477\/revisions\/1258"}],"wp:attachment":[{"href":"https:\/\/pessoal.uel.br\/gepafe\/wp-json\/wp\/v2\/media?parent=477"}],"curies":[{"name":"wp","href":"https:\/\/api.w.org\/{rel}","templated":true}]}}