{"id":333,"date":"2024-09-01T22:05:47","date_gmt":"2024-09-02T01:05:47","guid":{"rendered":"https:\/\/pessoal.uel.br\/gepafe\/?page_id=333"},"modified":"2025-07-30T10:32:56","modified_gmt":"2025-07-30T13:32:56","slug":"pediatric-work-physiology-pwp","status":"publish","type":"page","link":"https:\/\/pessoal.uel.br\/gepafe\/pediatric-work-physiology-pwp\/","title":{"rendered":"Pediatric Work Physiology (PWP)"},"content":{"rendered":"\n<p><\/p>\n\n\n\n<p><strong>2013<\/strong><\/p>\n\n\n\n<p>BATISTA, M. B.;\u00a0BLASQUEZ, G.; ROMANZINI, C. L. P.;\u00a0CYRINO, E. S.; SILVA, M. J. C.;\u00a0ROMANZINI, M.;\u00a0RONQUE, E. R. V.\u00a0. Criterion-related validity of the 20-m shuttle run test in Brazilians adolescents aged 11-13 years. In: Manuel J. Coelho-e-Silva; Am\u00e2ndio Cupido-dos-Santos; Ant\u00f3nio J. Figueiredo; Jos\u00e9 P. Ferreira; Neil Armstrong. (Org.). Children and Exercise XXVIII: The Proceedings of the 28th Pediatric Work Physiology Meeting. 1\u00aaed.London: Routledge, 2013, v. 1, p. 159-162.<\/p>\n\n\n\n<p>BLASQUEZ, G.;&nbsp;BATISTA, M. B.; ROMANZINI, C. L. P.;&nbsp;CYRINO, E. S.;&nbsp;SERASSUELO JR, H.;&nbsp;RONQUE, E. R. V.&nbsp;. Secular trend of nutritional status and cardiorespiratory fitness in children. In: Manuel J. Coelho-e-Silva; Am\u00e2ndio Cupido-dos-Santos; Ant\u00f3nio J. Figueiredo; Jos\u00e9 P. Ferreira; Neil Armstrong. (Org.). Children and Exercise XXVIII: The Proceedings of the 28th Pediatric Work Physiology Meeting. 1\u00aaed.London: Routledge, 2013, v. 1, p. 177-180.<\/p>\n\n\n\n<p>ROMANZINI, C. L. P.;&nbsp;BATISTA, M. B.;&nbsp;BLASQUEZ, G.; VOLPATO, T. H.;&nbsp;CYRINO, E. S.;&nbsp;ROMANZINI, M.;&nbsp;RONQUE, E. R.<strong> <\/strong>V.&nbsp;. Physical activity intensity of the Wii Dance game for children 6-9 years for age. In: : Manuel J. Coelho-e-Silva; Am\u00e2ndio Cupido-dos-Santos; Ant\u00f3nio J. Figueiredo; Jos\u00e9 P. Ferreira; Neil Armstrong.. (Org.). Children and Exercise XXVIII: The Proceedings of the 28th Pediatric Work Physiology Meeting. 1\u00aaed.London: Routledge, 2013, v. 1, p. 213-215.<\/p>\n\n\n\n<p>SOUZA, M. F.;&nbsp;KAWAGUTI, S. S.; TADIOTTO, M. C.;&nbsp;OHARA, D.;&nbsp;SILVA, D. R. P.; SILVA, M. J. C.;&nbsp;CYRINO, E. S.;&nbsp;FERNANDES, R. A.;&nbsp;RONQUE, E. R. V.&nbsp;. Association between somatic maturity, physical activity and blood pressure in adolescents. In: Manuel J. Coelho-e-Silva; Am\u00e2ndio Cupido-dos-Santos; Ant\u00f3nio J. Figueiredo; Jos\u00e9 P. Ferreira; Neil Armstrong. (Org.). Children and Exercise XXVIII: The Proceedings of the 28th Pediatric Work Physiology Meeting. 1\u00aaed.London: Routledge, 2013, v. 1, p. 149-151.<\/p>\n","protected":false},"excerpt":{"rendered":"<p>2013 BATISTA, M. B.;\u00a0BLASQUEZ, G.; ROMANZINI, C. L. P.;\u00a0CYRINO, E. S.; SILVA, M. J. C.;\u00a0ROMANZINI, M.;\u00a0RONQUE, E. R. V.\u00a0. Criterion-related validity of the 20-m shuttle run test in Brazilians adolescents aged 11-13 years. In: Manuel J. Coelho-e-Silva; Am\u00e2ndio Cupido-dos-Santos; Ant\u00f3nio J. Figueiredo; Jos\u00e9 P. Ferreira; Neil Armstrong. (Org.). Children and Exercise XXVIII: The Proceedings of [&hellip;]<\/p>\n","protected":false},"author":6,"featured_media":0,"parent":0,"menu_order":0,"comment_status":"closed","ping_status":"closed","template":"","meta":{"_acf_changed":false,"footnotes":""},"class_list":["post-333","page","type-page","status-publish","hentry"],"acf":[],"_links":{"self":[{"href":"https:\/\/pessoal.uel.br\/gepafe\/wp-json\/wp\/v2\/pages\/333","targetHints":{"allow":["GET"]}}],"collection":[{"href":"https:\/\/pessoal.uel.br\/gepafe\/wp-json\/wp\/v2\/pages"}],"about":[{"href":"https:\/\/pessoal.uel.br\/gepafe\/wp-json\/wp\/v2\/types\/page"}],"author":[{"embeddable":true,"href":"https:\/\/pessoal.uel.br\/gepafe\/wp-json\/wp\/v2\/users\/6"}],"replies":[{"embeddable":true,"href":"https:\/\/pessoal.uel.br\/gepafe\/wp-json\/wp\/v2\/comments?post=333"}],"version-history":[{"count":6,"href":"https:\/\/pessoal.uel.br\/gepafe\/wp-json\/wp\/v2\/pages\/333\/revisions"}],"predecessor-version":[{"id":1296,"href":"https:\/\/pessoal.uel.br\/gepafe\/wp-json\/wp\/v2\/pages\/333\/revisions\/1296"}],"wp:attachment":[{"href":"https:\/\/pessoal.uel.br\/gepafe\/wp-json\/wp\/v2\/media?parent=333"}],"curies":[{"name":"wp","href":"https:\/\/api.w.org\/{rel}","templated":true}]}}