{"id":330,"date":"2024-09-01T22:05:47","date_gmt":"2024-09-02T01:05:47","guid":{"rendered":"https:\/\/pessoal.uel.br\/gepafe\/?page_id=330"},"modified":"2025-07-31T11:45:55","modified_gmt":"2025-07-31T14:45:55","slug":"encontro-anual-de-iniciacao-cientifica-eaic","status":"publish","type":"page","link":"https:\/\/pessoal.uel.br\/gepafe\/encontro-anual-de-iniciacao-cientifica-eaic\/","title":{"rendered":"Encontro Anual de Inicia\u00e7\u00e3o Cient\u00edfica (EAIC)"},"content":{"rendered":"\n<p><\/p>\n\n\n\n<p><strong>2013:<\/strong><\/p>\n\n\n\n<p>BRUSSOLO, J.D.; TADIOTTO, M.C.; RONQUE, E.R.V.&nbsp;<a href=\"https:\/\/www.uel.br\/grupo-pesquisa\/gepafe\/producoes\/resumos\/EAIC\/2013\/RESUMO_EAIC_2013_JULIANA_BRUSSOLO.pdf\" target=\"_blank\" rel=\"noreferrer noopener\">Atividade f\u00edsica habitual, adiposidade corporal e estado nutricional em adolescentes.<\/a>&nbsp;In: Anais do XXII EAIC, 2013, Foz do Igua\u00e7u &#8211; Paran\u00e1. XXII Encontro Anual de Inicia\u00e7\u00e3o Cient\u00edfica, 2013.<\/p>\n\n\n\n<p>CYRINO, L.T.; GARCIA, G.S.; RONQUE, E.R.V.&nbsp;<a href=\"https:\/\/www.uel.br\/grupo-pesquisa\/gepafe\/producoes\/resumos\/EAIC\/2013\/RESUMO_EAIC_2013_LET%CDCIA_TRINDADE.pdf\" target=\"_blank\" rel=\"noreferrer noopener\">Efeito relativo da idade, matura\u00e7\u00e3o som\u00e1tica e habilidades espec\u00edficas em jovens futebolistas.<\/a>&nbsp;In: Anais do XXII EAIC, 2013, Foz do Igua\u00e7u &#8211; Paran\u00e1. XXII Encontro Anual de Inicia\u00e7\u00e3o Cient\u00edfica, 2013.<\/p>\n\n\n\n<p><strong>2012:<\/strong><\/p>\n\n\n\n<p>GARCIA, G.S.; SILVA, E.C.A.; RONQUE, E.R.V.&nbsp;<a href=\"https:\/\/www.uel.br\/grupo-pesquisa\/gepafe\/producoes\/resumos\/EAIC\/2012\/Resumo_EAIC_2012_Glauber.pdf\" target=\"_blank\" rel=\"noreferrer noopener\">Rela\u00e7\u00e3o entre imagem corporal, antropometria e matura\u00e7\u00e3o som\u00e1tica em adolescentes atletas.<\/a>&nbsp;In: Anais do XXI EAIC, 2012, Maring\u00e1 &#8211; Paran\u00e1. XXI Encontro Anual de Inicia\u00e7\u00e3o Cient\u00edfica, 2012.<\/p>\n\n\n\n<p>SOUZA, H.M.K.; CARNELOSSI, M.S.; SOUZA, M.F.; RONQUE, E.R.V.<a href=\"https:\/\/www.uel.br\/grupo-pesquisa\/gepafe\/producoes\/resumos\/EAIC\/2012\/Resumo_EAIC_2012_Hozana.pdf\" target=\"_blank\" rel=\"noreferrer noopener\">&nbsp;Fatores de risco \u00e0 sa\u00fade e estado nutricional em adolescentes.<\/a>&nbsp;In: Anais do XXI EAIC, 2012, Maring\u00e1 &#8211; Paran\u00e1. XXI Encontro Anual de Inicia\u00e7\u00e3o Cient\u00edfica, 2012.<\/p>\n\n\n\n<p><strong>2011:<\/strong><\/p>\n\n\n\n<p>GON\u00c7ALVES, L.R.F.; BLASQUEZ, G.; RONQUE, E.R.V.&nbsp;<a href=\"https:\/\/www.uel.br\/grupo-pesquisa\/gepafe\/producoes\/resumos\/EAIC\/2011\/Resumoexpandido_EAIC2011_Lidia.pdf\" target=\"_blank\" rel=\"noreferrer noopener\">Satisfa\u00e7\u00e3o corporal em atletas jovens participantes de modalidade coletiva e individual em Londrina-PR.<\/a>&nbsp;In: Anais do XX EAIC, 2011, Ponta Grossa &#8211; Paran\u00e1. XX Encontro Anual de Inicia\u00e7\u00e3o Cient\u00edfica, 2011.<\/p>\n\n\n\n<p>SOUZA, V.S.; BATISTA, M.B.; CARNELOSSI, M.S.; BLASQUEZ, G.; SILVA, D.R.; RONQUE, E.R.V.&nbsp;<a href=\"https:\/\/www.uel.br\/grupo-pesquisa\/gepafe\/producoes\/resumos\/EAIC\/2011\/Resumoexpandido_EAIC2011_Veronica.pdf\" target=\"_blank\" rel=\"noreferrer noopener\">Compara\u00e7\u00e3o dos fatores de risco cardiovascular entre adolescentes com diferentes n\u00edveis de atividade f\u00edsica habitual.<\/a>&nbsp;In: Anais do XX EAIC, 2011, Ponta Grossa &#8211; Paran\u00e1. XX Encontro Anual de Inicia\u00e7\u00e3o Cient\u00edfica, 2011.<\/p>\n\n\n\n<p>ZAMBRIN, L.F.; SANTOS, O.S.P.M.; SERASSUELO JUNIOR, H.&nbsp;<a href=\"https:\/\/www.uel.br\/grupo-pesquisa\/gepafe\/producoes\/resumos\/EAIC\/2011\/Resumoexpandido_EAIC2011_LidyaneFerreiraZambrin.pdf\" target=\"_blank\" rel=\"noreferrer noopener\">Comportamento das tend\u00eancias competitivas em jovens atletas praticantes de basquetebol<\/a>. In: Anais do XX EAIC, 2011, Ponta Grossa &#8211; Paran\u00e1. XX Encontro Anual de Inicia\u00e7\u00e3o Cient\u00edfica, 2011.<\/p>\n\n\n\n<p><strong>2010:<\/strong><\/p>\n\n\n\n<p>GON\u00c7ALVES, L.R.F.; BLASQUEZ, G.; BATISTA, M.B.; RONQUE, E.R.V.&nbsp;<a href=\"https:\/\/www.uel.br\/grupo-pesquisa\/gepafe\/producoes\/resumos\/EAIC\/2010\/ResumoExpandido_EAIC2010_Lidia.pdf\" target=\"_blank\" rel=\"noreferrer noopener\">Compara\u00e7\u00e3o do consumo de oxig\u00eanio (VO2pico) na forma convencional e ajustada em adolescentes de acordo com a adiposidade corporal.<\/a>&nbsp;In: Anais do XIX EAIC, 2010, Guarapuava &#8211; Paran\u00e1. XIX Encontro Anual de Inicia\u00e7\u00e3o Cient\u00edfica, 2010.<\/p>\n\n\n\n<p>SOUZA, V.S.; BLASQUEZ, G.; BATISTA, M.B.; RONQUE, E.R.V.&nbsp;<a href=\"https:\/\/www.uel.br\/grupo-pesquisa\/gepafe\/producoes\/resumos\/EAIC\/2010\/ResumoExpandido_EAIC2010_Veronica.pdf\" target=\"_blank\" rel=\"noreferrer noopener\">Concord\u00e2ncia entre medidas de adiposidade corporal total e central em adolescentes.<\/a>&nbsp;In: Anais do XIX EAIC, 2010, Guarapuava &#8211; Paran\u00e1. XIX Encontro Anual de Inicia\u00e7\u00e3o Cient\u00edfica, 2010.<\/p>\n\n\n\n<p>ZAMBRIN, L.F.; SANTOS, O.S.P.M.; PALUDO, A.C.; SERASSUELO JUNIOR, H.&nbsp;<a href=\"https:\/\/www.uel.br\/grupo-pesquisa\/gepafe\/producoes\/resumos\/EAIC\/2011\/Resumoexpandido_EAIC2011_LidyaneFerreiraZambrin.pdf\" target=\"_blank\" rel=\"noreferrer noopener\">Comportamento das tend\u00eancias competitivas em jovens atletas pertencentes \u00e0 modalidade de handebol.<\/a>&nbsp;In: Anais do XIX EAIC, 2010, Guarapuava &#8211; Paran\u00e1. XIX Encontro Anual de Inicia\u00e7\u00e3o Cient\u00edfica, 2010.<\/p>\n","protected":false},"excerpt":{"rendered":"<p>2013: BRUSSOLO, J.D.; TADIOTTO, M.C.; RONQUE, E.R.V.&nbsp;Atividade f\u00edsica habitual, adiposidade corporal e estado nutricional em adolescentes.&nbsp;In: Anais do XXII EAIC, 2013, Foz do Igua\u00e7u &#8211; Paran\u00e1. XXII Encontro Anual de Inicia\u00e7\u00e3o Cient\u00edfica, 2013. CYRINO, L.T.; GARCIA, G.S.; RONQUE, E.R.V.&nbsp;Efeito relativo da idade, matura\u00e7\u00e3o som\u00e1tica e habilidades espec\u00edficas em jovens futebolistas.&nbsp;In: Anais do XXII EAIC, 2013, [&hellip;]<\/p>\n","protected":false},"author":6,"featured_media":0,"parent":0,"menu_order":0,"comment_status":"closed","ping_status":"closed","template":"","meta":{"_acf_changed":false,"footnotes":""},"class_list":["post-330","page","type-page","status-publish","hentry"],"acf":[],"_links":{"self":[{"href":"https:\/\/pessoal.uel.br\/gepafe\/wp-json\/wp\/v2\/pages\/330","targetHints":{"allow":["GET"]}}],"collection":[{"href":"https:\/\/pessoal.uel.br\/gepafe\/wp-json\/wp\/v2\/pages"}],"about":[{"href":"https:\/\/pessoal.uel.br\/gepafe\/wp-json\/wp\/v2\/types\/page"}],"author":[{"embeddable":true,"href":"https:\/\/pessoal.uel.br\/gepafe\/wp-json\/wp\/v2\/users\/6"}],"replies":[{"embeddable":true,"href":"https:\/\/pessoal.uel.br\/gepafe\/wp-json\/wp\/v2\/comments?post=330"}],"version-history":[{"count":4,"href":"https:\/\/pessoal.uel.br\/gepafe\/wp-json\/wp\/v2\/pages\/330\/revisions"}],"predecessor-version":[{"id":1308,"href":"https:\/\/pessoal.uel.br\/gepafe\/wp-json\/wp\/v2\/pages\/330\/revisions\/1308"}],"wp:attachment":[{"href":"https:\/\/pessoal.uel.br\/gepafe\/wp-json\/wp\/v2\/media?parent=330"}],"curies":[{"name":"wp","href":"https:\/\/api.w.org\/{rel}","templated":true}]}}