{"id":1117,"date":"2025-07-18T09:47:42","date_gmt":"2025-07-18T12:47:42","guid":{"rendered":"https:\/\/pessoal.uel.br\/gepafe\/?page_id=1117"},"modified":"2025-11-17T16:11:35","modified_gmt":"2025-11-17T19:11:35","slug":"trajetorias-da-aptidao-cardiorrespiratoria-na-infancia-e-na-adolescencia-com-indicadores-de-funcao-cognitiva-na-fase-adulta-um-estudo-longitudinal","status":"publish","type":"page","link":"https:\/\/pessoal.uel.br\/gepafe\/trajetorias-da-aptidao-cardiorrespiratoria-na-infancia-e-na-adolescencia-com-indicadores-de-funcao-cognitiva-na-fase-adulta-um-estudo-longitudinal\/","title":{"rendered":"Trajet\u00f3rias da aptid\u00e3o cardiorrespirat\u00f3ria na inf\u00e2ncia e na adolesc\u00eancia com indicadores de fun\u00e7\u00e3o cognitiva na fase adulta: um estudo longitudinal"},"content":{"rendered":"\n<p><\/p>\n\n\n\n<p><\/p>\n\n\n\n<p>Objetivo: analisar a rela\u00e7\u00e3o entre as trajet\u00f3rias da aptid\u00e3o cardiorrespirat\u00f3ria (ACR) na inf\u00e2ncia e na adolesc\u00eancia com indicadores de fun\u00e7\u00e3o cognitiva na idade adulta, e o poss\u00edvel efeito de media\u00e7\u00e3o da ACR, atividade f\u00edsica (AF) e comportamento sedent\u00e1rio (CS) atual (adulto \u2013 fase III). m\u00e9todos: o estudo faz parte do banco de dados do projeto intitulado \u201captid\u00e3o f\u00edsica e pr\u00e1tica de esportes na inf\u00e2ncia e adolesc\u00eancia e fatores de risco biol\u00f3gicos e comportamentais em adultos: um estudo longitudinal de 15 anos\u201d, com delineamento longitudinal, teve sua fase I no ano de 2002, com seguimento at\u00e9 2006, e a fase II das coletas foi em 2016. Para a fase III, cerca de 150 adultos que participaram das fases I e II, de ambos os sexos, com idade entre 26 e 31 anos ser\u00e3o recrutados. A ACR ser\u00e1 obtida por dois procedimentos: o teste de corrida vai e vem de 20 metros (para obter as trajet\u00f3rias da ACR) e o teste direto de ACR pela determina\u00e7\u00e3o do consumo m\u00e1ximo de oxig\u00eanio (VO<sub>2m\u00e1x<\/sub>) que ser\u00e1 realizada por espirometria de circuito aberto, com um teste progressivo e m\u00e1ximo em esteira (para atender as an\u00e1lises atuais de media\u00e7\u00e3o). O dinam\u00f4metro isocin\u00e9tico para avaliar a for\u00e7a muscular atual ser\u00e1 utilizado e a composi\u00e7\u00e3o corporal ser\u00e1 obtida pelo Dxa. A AF e o CS ser\u00e3o estimadas por aceler\u00f4metros e informa\u00e7\u00f5es sociodemogr\u00e1ficas ser\u00e3o levantadas por meio de question\u00e1rio. Para analisar a persist\u00eancia da ACR (fases I, II e III) ser\u00e3o utilizadas as an\u00e1lises de trajet\u00f3rias desenvolvimentais a partir da categoriza\u00e7\u00e3o em grupos de indiv\u00edduos com caracter\u00edsticas semelhantes, utilizando-se a an\u00e1lise de classe latente. a regress\u00e3o linear simples ser\u00e1 empregada para verificar as rela\u00e7\u00f5es entre as vari\u00e1veis no per\u00edodo da inf\u00e2ncia e adolesc\u00eancia com desfecho na idade adulta. A an\u00e1lise de media\u00e7\u00e3o ser\u00e1 realizada com os procedimentos descritos por Baron e Kenny. A signific\u00e2ncia adotada ser\u00e1 de 5%. Resultados esperados: espera-se que o estudo auxilie na compreens\u00e3o das vari\u00e1veis estudadas com as fun\u00e7\u00f5es cognitivas em adultos, al\u00e9m de contribuir para que medidas intervencionistas que possam orientar de maneira adequada a promo\u00e7\u00e3o da sa\u00fade cognitiva e prevenir o desenvolvimento de doen\u00e7as degenerativas na popula\u00e7\u00e3o e incentivar a\u00e7\u00f5es prim\u00e1rias de sa\u00fade e minimizar gastos p\u00fablicos com doen\u00e7as.<\/p>\n\n\n\n<p><\/p>\n\n\n\n<p><\/p>\n\n\n\n<p><strong>Artigos<\/strong><\/p>\n","protected":false},"excerpt":{"rendered":"<p>Objetivo: analisar a rela\u00e7\u00e3o entre as trajet\u00f3rias da aptid\u00e3o cardiorrespirat\u00f3ria (ACR) na inf\u00e2ncia e na adolesc\u00eancia com indicadores de fun\u00e7\u00e3o cognitiva na idade adulta, e o poss\u00edvel efeito de media\u00e7\u00e3o da ACR, atividade f\u00edsica (AF) e comportamento sedent\u00e1rio (CS) atual (adulto \u2013 fase III). m\u00e9todos: o estudo faz parte do banco de dados do projeto [&hellip;]<\/p>\n","protected":false},"author":13,"featured_media":0,"parent":0,"menu_order":0,"comment_status":"closed","ping_status":"closed","template":"","meta":{"_acf_changed":false,"footnotes":""},"class_list":["post-1117","page","type-page","status-publish","hentry"],"acf":[],"_links":{"self":[{"href":"https:\/\/pessoal.uel.br\/gepafe\/wp-json\/wp\/v2\/pages\/1117","targetHints":{"allow":["GET"]}}],"collection":[{"href":"https:\/\/pessoal.uel.br\/gepafe\/wp-json\/wp\/v2\/pages"}],"about":[{"href":"https:\/\/pessoal.uel.br\/gepafe\/wp-json\/wp\/v2\/types\/page"}],"author":[{"embeddable":true,"href":"https:\/\/pessoal.uel.br\/gepafe\/wp-json\/wp\/v2\/users\/13"}],"replies":[{"embeddable":true,"href":"https:\/\/pessoal.uel.br\/gepafe\/wp-json\/wp\/v2\/comments?post=1117"}],"version-history":[{"count":6,"href":"https:\/\/pessoal.uel.br\/gepafe\/wp-json\/wp\/v2\/pages\/1117\/revisions"}],"predecessor-version":[{"id":1334,"href":"https:\/\/pessoal.uel.br\/gepafe\/wp-json\/wp\/v2\/pages\/1117\/revisions\/1334"}],"wp:attachment":[{"href":"https:\/\/pessoal.uel.br\/gepafe\/wp-json\/wp\/v2\/media?parent=1117"}],"curies":[{"name":"wp","href":"https:\/\/api.w.org\/{rel}","templated":true}]}}